8. List the prime factors of c(9).
7, 13
Let f(b) = b**2 + 5. Let g(z) = z**2 - z - 1. Let a be g(-1). Let c be a + 1/(1 + -2). List the prime factors of f(c).
5
Let c be 1 - (2 - 0) - -42. Suppose -3*t + c = -2*d, -8 = -5*t + 17. Let s = -8 - d. List the prime factors of s.
5
Let m(b) = -b**2 - 15*b + 12. What are the prime factors of m(-11)?
2, 7
Let s = 44 + -31. What are the prime factors of s?
13
Let h(s) = 17*s - 1. Let d be h(1). Let o = 8 + d. List the prime factors of o/(-10)*(-120)/16.
2, 3
Let h = 5 + -4. Let f = h - -10. What are the prime factors of f?
11
Let h be 1/2*-6 + 17. Let o = h - 2. Suppose 0 = -2*i + 4 + o. List the prime factors of i.
2
Let i(n) = -7*n**2 - n + n**2 + n**2 + 1 - 4 - n**3. Let o be i(-5). Suppose o*j - j - a = 7, 3*a + 14 = 2*j. What are the prime factors of j?
7
Let y(a) = a**2 + 5*a + 2. Let b(f) = f**2 + 12*f + 3. Let n be b(-11). What are the prime factors of y(n)?
2, 13
Let h be (0 - -4)*(-6)/(-4). Suppose 0 = -h*i + 2*i + 16. Let t(q) = 2*q - 2. List the prime factors of t(i).
2, 3
Let g be (2 + -62)*2/4. List the prime factors of -12*(3 + g/9).
2
Let o = -24 - -45. List the prime factors of o.
3, 7
Let z(c) = -c**2 - 7*c - 3. Let v be 0 - (-1*3 + 1). Let m(w) = -3*w**2 + 2*w + 2. Let x be m(v). What are the prime factors of z(x)?
3
Let g(s) = -s + 8. Let a be g(6). Suppose -t - a = -5. List the prime factors of (3/2)/(t/20).
2, 5
Suppose 2*n - 22 = 164. List the prime factors of n.
3, 31
Let y(g) be the second derivative of 1/12*g**4 + 0 - 3*g + 1/2*g**2 + 1/2*g**3. List the prime factors of y(-4).
5
Let p = -11 + 15. Suppose 0 = -3*o - 0*o + 5*w + 14, 2*o + p*w = 24. What are the prime factors of o?
2
Suppose 0 = 4*i - x - 410, -i - x = -4*x - 97. List the prime factors of i.
103
Suppose -63 - 55 = -5*c - 4*m, 3*m = 5*c - 104. List the prime factors of c.
2, 11
Let g = 14 - 21. Let o(w) = 6*w + 0*w**2 + 1 + w**2 + 1. What are the prime factors of o(g)?
3
Suppose 3*s - 12 + 30 = 0. Let h(w) = w**2 + 6*w + 3. What are the prime factors of h(s)?
3
Let r(u) be the third derivative of u**4/6 + 2*u**3/3 + 4*u**2. List the prime factors of r(11).
2, 3
Suppose 0 = -0*n + n. Suppose 5*r - z = 37, -3*r + n*z + 15 = -3*z. What are the prime factors of r?
2
Let n be -1 + (-2)/(-2) + 0. Suppose 3*g = -9 + 27. Let j = n + g. List the prime factors of j.
2, 3
Let z be 301/(-13) - (-18)/117. Let h = -9 - z. List the prime factors of h.
2, 7
List the prime factors of 1458/42 + (-2)/(-7).
5, 7
Let v(y) = y**3 + 18*y**2 + 5*y - 25. Let d(l) = -2*l**3 - 36*l**2 - 11*l + 50. Let r(x) = -4*d(x) - 9*v(x). What are the prime factors of r(-18)?
43
Suppose 0 = 4*u - 2*w + 6, 6*u = u - 4*w + 12. Suppose 2*j + 0*j - 28 = u. What are the prime factors of j?
2, 7
Suppose -5*m - 28 = -163. Let z = m - 9. List the prime factors of z.
2, 3
Let n = 73 - 40. What are the prime factors of n?
3, 11
Let r = 6 + -5. List the prime factors of (-1)/(r/(-15))*1.
3, 5
Suppose p + 1 = 5. Suppose 0 = -5*f + n + 64, f + p*f - 4*n = 61. List the prime factors of f.
13
Let f be 4 + 1 + 0 - 2. Suppose 97 = s + s - 5*t, 0 = 2*s - f*t - 91. What are the prime factors of s?
41
Let p(z) = -z**3 - 2*z**2 - 4*z - 3. Let n be p(-6). Suppose -n + 25 = 5*c. List the prime factors of c/(-6)*(-12)/(-8).
7
Suppose 0 = 3*v + g - 5 - 17, 4*v - 27 = g. Suppose 0 = c - v - 14. What are the prime factors of c?
3, 7
Let o(a) = a**2 + 5*a + 5. Let r be o(-5). Let z = 7 + -4. Suppose r*b = z + 57. List the prime factors of b.
2, 3
Suppose -260 = -3*j - j. List the prime factors of j.
5, 13
Suppose 6*n = -2*h + n - 33, 2*h - 2*n = 2. Suppose 3*d = -3*i - d + 77, -4 = 4*d. List the prime factors of i/6*h/(-3).
2, 3
Let v be 0*(-3 + -3 + 7). Suppose v = -3*p - 31 + 85. List the prime factors of p.
2, 3
Let n(f) = -3*f**2 + 34*f - 6. What are the prime factors of n(9)?
3, 19
List the prime factors of 3 + (151 - (3 - 3)).
2, 7, 11
Suppose 0 = -5*c + c - p + 12, 3*c = p + 9. Suppose 3*z - 2*n = 68, 37 = 2*z - 0*n - c*n. What are the prime factors of z?
2, 13
Suppose 3*z - 4*b = 8*z + 9, -3*b = 3*z + 6. Let c = -1 + z. Let t = 7 + c. List the prime factors of t.
5
Suppose -6*q = -0*q - 192. List the prime factors of q.
2
Suppose 88 = 2*b + 2*b. List the prime factors of b.
2, 11
List the prime factors of (-4 - -3) + 4 - -21.
2, 3
Suppose -4*g = -11 - 29. Let d(n) = n**3 - 11*n**2 + 15*n - 7. What are the prime factors of d(g)?
43
Suppose 0 = z - 3*z - 8. Let d = z + 4. What are the prime factors of (6 + d)*(-5)/(-5)?
2, 3
Suppose -o + 37 = -0*o. Suppose 4*k - 3*s + 8*s - o = 0, 5*s - 31 = -2*k. Suppose -4*u = -k*y - 26 + 3, 3*u + 4*y + 14 = 0. List the prime factors of u.
2
Let c(t) = -t**2 - 8*t - 10. Let f be c(-7). What are the prime factors of (-11)/((-33)/108) + f?
3, 11
Let g(h) = -2*h**3 - 3*h**2 - 3*h - 2. List the prime factors of g(-3).
2, 17
Let k(l) = 3*l - 32. Let w(h) = 7*h - 65. Let c(u) = -5*k(u) + 2*w(u). List the prime factors of c(0).
2, 3, 5
Let u(y) = y**2 + 10*y - 3. Let c be u(-10). List the prime factors of (2/4)/(c/(-186)).
31
Let b(p) = 87*p. What are the prime factors of b(2)?
2, 3, 29
Suppose -3*r + 6 = 0, -3*y - 4*r + 8 = 2*y. Let h be (-1)/(y - (-2)/(-8)). Suppose -5*o + 2*x = -58, -5*x - 18 = -h*o + 42. What are the prime factors of o?
2, 5
Let i be ((2 - 2)/(-3))/1. Let g = i + 0. Let t = 13 - g. What are the prime factors of t?
13
Let o = -19 - -31. What are the prime factors of 0 + (-1 - o/(-1))?
11
Suppose -4*w + w = -57. What are the prime factors of w?
19
Suppose -2*i + 251 = j, -5*j = -4*i + 6*i - 271. List the prime factors of i.
3, 41
Let y = -32 - -16. Let v = 26 + y. List the prime factors of v.
2, 5
Let h(v) = v**2 - 7*v + 12. What are the prime factors of h(10)?
2, 3, 7
Suppose 8*g - 3*g - 4*w = 60, -4*w + 48 = 4*g. Let v = g + -4. Let p = 16 - v. List the prime factors of p.
2
Let r(o) = 2*o - 7. Let w(a) = -2*a + 2. Let x be 2/(-4)*(-40)/(-5). Let b be w(x). List the prime factors of r(b).
13
Suppose -4*l + 205 = l - 3*h, -2*h = 0. What are the prime factors of l?
41
Suppose 0 = 2*b + 2*o + 48, 0 = 3*b - 4*o + 2*o + 77. Let u be -1 + 0 + -7*2. Let r = u - b. List the prime factors of r.
2, 5
Let k be 3 - 1*(-1 + 0). Suppose 0 = 2*i + 3*r + 51 - 14, i - 3*r - k = 0. Let b = i + 17. List the prime factors of b.
2, 3
Let l be 1/(-2)*-2 - -4. Suppose l*j + 2*m - 19 = 0, -2*m - m = -j - 3. What are the prime factors of j?
3
Let r = -35 + 27. Suppose 0 = -5*n + 2*n + 30. Let i = r + n. List the prime factors of i.
2
Suppose -13*x = -10*x - 114. List the prime factors of x.
2, 19
Suppose n = -0*n + 5. Let q be n - (2 + (0 - 1)). Suppose 28 = q*d - 24. List the prime factors of d.
13
Let o = -86 + 181. List the prime factors of o.
5, 19
Suppose -5 = 2*n - 15. Suppose -n*d - 50 = -0*c - 4*c, 5*c = 2*d + 54. What are the prime factors of c?
2, 5
Let g = 28 + 26. List the prime factors of g.
2, 3
Suppose -4 = c + t - 2, -4*c = -4*t - 8. Suppose 3*h + c*h + 123 = 5*d, -2*d + 5*h + 34 = 0. Let r = -15 + d. What are the prime factors of r?
2, 3
Let f = 10 + -6. Suppose 5*z = -9*l + f*l + 115, 0 = -3*z + 5*l + 69. What are the prime factors of z?
23
Let o be (-1 - 1)*(-3 + 4). Let f = 4 + o. List the prime factors of f/(-5)*(-1 - 24).
2, 5
Let i(j) = -3*j**3 - j**2 + 3*j + 1. Let a be i(-2). Suppose -r + h = 2*h - 10, -2*h - a = -5*r. Let p = r + 5. What are the prime factors of p?
2, 5
Let y = -6 - -9. Let t be 3/(((-27)/66)/y). Let b = -13 - t. What are the prime factors of b?
3
Let f be (2 - -4)*4*1. Suppose z = -5 + f. List the prime factors of z.
19
Let c(s) be the second derivative of 11*s**3/3 - 2*s. List the prime factors of c(2).
2, 11
Let v(x) = 0*x**2 - 2*x - x**2 - 8*x**2 - x**3 - 6. Let q be v(-9). List the prime factors of (0 - -1) + (q - 1).
2, 3
Suppose 13 + 2 = 3*x. Suppose x*l - 2 = r, 0 = -2*l - 0*l + 2*r + 4. Suppose l = k - 2*k + 9. List the prime factors of k.
3
Let x be -5*-2*3/6. Suppose 2*g + 72 = x*g. List the prime factors of g.
2, 3
Suppose 5*c - 20*c = -3615. What are the prime factors of c?
241
Suppose 4*n = 3*m + 39, -6*n + 20 = -n + 2*m. Let k be (-12)/(((-24)/(-10))/(-6)). Suppose -n*b = -b - k. What are the prime factors of b?
2, 3
Suppose -6*v + 4*y + 1124 = -2*v, -y = 5*v - 1381. What are the prime f